{"id":4194,"date":"2022-01-29T09:45:28","date_gmt":"2022-01-29T12:45:28","guid":{"rendered":"https:\/\/ipsispub.com.br\/morel\/?page_id=4194"},"modified":"2025-07-16T12:13:47","modified_gmt":"2025-07-16T15:13:47","slug":"a-revista-morel","status":"publish","type":"page","link":"https:\/\/ipsispub.com.br\/morel\/a-revista-morel\/","title":{"rendered":"A Revista Morel"},"content":{"rendered":"<div class=\"wpb-content-wrapper\"><p>[vc_row][vc_column][vc_row_inner][vc_column_inner]\n\t\t\t<!-- START Slider 2 REVOLUTION SLIDER 6.5.9 --><p class=\"rs-p-wp-fix\"><\/p>\n\t\t\t<rs-module-wrap id=\"rev_slider_9_1_wrapper\" data-source=\"gallery\" style=\"visibility:hidden;background:transparent;padding:0;margin:0px auto;margin-top:0;margin-bottom:0;\">\n\t\t\t\t<rs-module id=\"rev_slider_9_1\" style=\"\" data-version=\"6.5.9\">\n\t\t\t\t\t<rs-slides>\n\t\t\t\t\t\t<rs-slide style=\"position: absolute;\" data-key=\"rs-21\" data-title=\"Slide\" data-in=\"o:0;\" data-out=\"a:false;\">\n\t\t\t\t\t\t\t<img loading=\"lazy\" decoding=\"async\" src=\"\/\/ipsispub.com.br\/morel\/wp-content\/plugins\/revslider\/public\/assets\/assets\/dummy.png\" title=\"2598-1\" width=\"1266\" height=\"1080\" class=\"rev-slidebg tp-rs-img rs-lazyload\" data-lazyload=\"\/\/ipsispub.com.br\/morel\/wp-content\/uploads\/2024\/04\/2598-1.jpg\" data-no-retina>\n<!--\n\t\t\t\t\t\t\t--><rs-layer\n\t\t\t\t\t\t\t\tid=\"slider-9-slide-21-layer-0\" \n\t\t\t\t\t\t\t\tdata-type=\"image\"\n\t\t\t\t\t\t\t\tdata-rsp_ch=\"on\"\n\t\t\t\t\t\t\t\tdata-xy=\"xo:296px,99px,-82px,-104px;yo:-49px,-87px,-227px,-14px;\"\n\t\t\t\t\t\t\t\tdata-text=\"w:normal;s:20,16,12,7;l:0,20,15,9;\"\n\t\t\t\t\t\t\t\tdata-dim=\"w:1042px,999px,953px,734px;h:918px,880px,840px,647px;\"\n\t\t\t\t\t\t\t\tdata-ford=\"frame_0;frame_1;frame_2;frame_999;\"\n\t\t\t\t\t\t\t\tdata-frame_999=\"x:50,41,31,19;o:0;st:w;sp:1000;\"\n\t\t\t\t\t\t\t\tdata-frame_2=\"oX:50%;oY:50%;oZ:0;tp:600;st:400;sp:400;\"\n\t\t\t\t\t\t\t\tstyle=\"z-index:8;\"\n\t\t\t\t\t\t\t><img loading=\"lazy\" decoding=\"async\" src=\"\/\/ipsispub.com.br\/morel\/wp-content\/plugins\/revslider\/public\/assets\/assets\/dummy.png\" class=\"tp-rs-img rs-lazyload\" width=\"1144\" height=\"1008\" data-lazyload=\"\/\/ipsispub.com.br\/morel\/wp-content\/uploads\/2026\/03\/Slide-Home-Morel.png\" data-no-retina> \n\t\t\t\t\t\t\t<\/rs-layer><!--\n\n\t\t\t\t\t\t\t--><rs-layer\n\t\t\t\t\t\t\t\tid=\"slider-9-slide-21-layer-1\" \n\t\t\t\t\t\t\t\tclass=\"rev-btn\"\n\t\t\t\t\t\t\t\tdata-type=\"button\"\n\t\t\t\t\t\t\t\tdata-color=\"#000000\"\n\t\t\t\t\t\t\t\tdata-rsp_ch=\"on\"\n\t\t\t\t\t\t\t\tdata-xy=\"x:l,l,l,c;xo:47px,38px,92px,10px;y:m;yo:0,0,294px,310px;\"\n\t\t\t\t\t\t\t\tdata-text=\"w:normal;s:20,16,18,18;l:55,45,50,53;fw:500;a:center;\"\n\t\t\t\t\t\t\t\tdata-dim=\"minh:0px,none,none,none;\"\n\t\t\t\t\t\t\t\tdata-actions='o:click;a:scrollbelow;offset:200px;sp:1000ms;e:power1.inOut;'\n\t\t\t\t\t\t\t\tdata-padding=\"r:50,41,46,48;l:50,41,46,48;\"\n\t\t\t\t\t\t\t\tdata-border=\"bor:3px,3px,3px,3px;\"\n\t\t\t\t\t\t\t\tdata-frame_0=\"x:0,0,0px,0px;y:0,0,0px,0px;\"\n\t\t\t\t\t\t\t\tdata-frame_1=\"x:0,0,0px,0px;y:0,0,0px,0px;\"\n\t\t\t\t\t\t\t\tdata-frame_999=\"o:0;st:w;\"\n\t\t\t\t\t\t\t\tdata-frame_hover=\"c:#000;bgc:#fff;bor:3px,3px,3px,3px;sp:100;e:power1.inOut;bri:120%;\"\n\t\t\t\t\t\t\t\tstyle=\"z-index:10;background-color:#ffcc00;font-family:'Roboto';\"\n\t\t\t\t\t\t\t>ASSINE AGORA <i class=\"material-icons\">keyboard_arrow_down<\/i> \n\t\t\t\t\t\t\t<\/rs-layer><!--\n-->\t\t\t\t\t\t<\/rs-slide>\n\t\t\t\t\t<\/rs-slides>\n\t\t\t\t<\/rs-module>\n\t\t\t\t<script type=\"text\/javascript\">\n\t\t\t\t\tsetREVStartSize({c: 'rev_slider_9_1',rl:[1240,1024,778,480],el:[900,768,960,720],gw:[1240,1024,778,480],gh:[900,768,960,720],type:'hero',justify:'',layout:'fullwidth',mh:\"0\"});if (window.RS_MODULES!==undefined && window.RS_MODULES.modules!==undefined && window.RS_MODULES.modules[\"revslider91\"]!==undefined) {window.RS_MODULES.modules[\"revslider91\"].once = false;window.revapi9 = undefined;if (window.RS_MODULES.checkMinimal!==undefined) window.RS_MODULES.checkMinimal()}\n\t\t\t\t<\/script>\n\t\t\t<\/rs-module-wrap>\n\t\t\t<!-- END REVOLUTION SLIDER -->\n[\/vc_column_inner][\/vc_row_inner][\/vc_column][\/vc_row][vc_row][vc_column][vc_row_inner][vc_column_inner][vc_empty_space height=&#8221;45px&#8221;][vc_column_text css=&#8221;&#8221;]<\/p>\n<h2 style=\"text-align: center;\">Olha o que te espera na d\u00e9cima sexta edi\u00e7\u00e3o da <strong><em>Morel\u00a0<\/em><\/strong><\/h2>\n<p>[\/vc_column_text][\/vc_column_inner][\/vc_row_inner][vc_row_inner equal_height=&#8221;yes&#8221; gap=&#8221;20&#8243;][vc_column_inner width=&#8221;1\/2&#8243;][vc_empty_space height=&#8221;45px&#8221;][vc_column_text css=&#8221;&#8221;]<strong><em>Capa 1<\/em><\/strong><\/p>\n<p data-prosemirror-content-type=\"node\" data-prosemirror-node-name=\"paragraph\" data-prosemirror-node-block=\"true\" data-pm-slice=\"1 1 []\">S\u00e9rgio Vaz, o Poeta da Periferia, revela as alegrias e agruras do seu ano doming\u00e1tico.<\/p>\n<p>[\/vc_column_text][vc_empty_space height=&#8221;45px&#8221;][\/vc_column_inner][vc_column_inner width=&#8221;1\/2&#8243;][vc_empty_space height=&#8221;45px&#8221;][vc_column_text css=&#8221;&#8221;]<strong><i>Capa 2<\/i><\/strong><\/p>\n<p data-prosemirror-content-type=\"node\" data-prosemirror-node-name=\"paragraph\" data-prosemirror-node-block=\"true\" data-pm-slice=\"1 1 []\">Um ensaio do fotojornalista Ant\u00f4nio Gaud\u00e9rio mostra o Lado B do Brasil.<\/p>\n<p>[\/vc_column_text][vc_empty_space height=&#8221;45px&#8221;][\/vc_column_inner][\/vc_row_inner][vc_empty_space height=&#8221;45px&#8221;][vc_tta_accordion color=&#8221;green&#8221; c_align=&#8221;center&#8221; active_section=&#8221;99998&#8243; collapsible_all=&#8221;true&#8221;][vc_tta_section i_position=&#8221;right&#8221; i_icon_fontawesome=&#8221;fas fa-chevron-down&#8221; add_icon=&#8221;true&#8221; title=&#8221;VEJA O SUM\u00c1RIO COMPLETO&#8221; tab_id=&#8221;1687554103308-fe42a1c6-eeac7cd5-afc6&#8243;][vc_column_text css=&#8221;&#8221;]<\/p>\n<h4>Entrevista<\/h4>\n<p>O escritor e agitador cultural <strong>S\u00e9rgio Vaz<\/strong>, respons\u00e1vel por detonar uma onda de saraus liter\u00e1rios em todo o Brasil, conta o que tem feito em seu ano sab\u00e1tico, fala sobre o novo livro e filosofa sobre o avan\u00e7os das intelig\u00eancias artificiais, em entrevista ao editor <strong>Ronaldo Bressane<\/strong>, como ensaio fotogr\u00e1fico de <strong>Renato Parada<\/strong>. O incans\u00e1vel Poeta da Periferia pede: \u201cA felicidade tem amn\u00e9sia\/ \u00e9 preciso lembr\u00e1-la todo dia\/ que voc\u00ea existe\u201d.<\/p>\n<h4>Ensaio fotogr\u00e1fico jornal\u00edstico<\/h4>\n<p>\u00c9 nas imagens de <strong>Ant\u00f4nio Gaud\u00e9rio<\/strong> que Morel concretiza liricamente o cruzamento entre passado, presente e futuro. Conforme conta sua filha, <strong>Aurora Borges<\/strong>, em relato comovente pelas impressionantes reviravoltas, os registros jornal\u00edsticos de Gaud\u00e9rio \u2013 que revelam um Brasil pouco visto nos jornais \u2013 s\u00e3o respons\u00e1veis pela recupera\u00e7\u00e3o de seu pr\u00f3prio hard disk cerebral, danificado ap\u00f3s um acidente.<\/p>\n<h4>Ensaio fotogr\u00e1fico bebum<\/h4>\n<p>Em uma homenagem ao bo\u00eamio <strong>Lemisnki<\/strong>, o cronista fl\u00e2neur <strong>Fabr\u00edcio Corsaletti<\/strong> traz um fragmento de sua s\u00e9rie Um Milh\u00e3o de Bares, em que registra risca-facas, p\u00e9-sujos e fecha-nuncas pelo pa\u00eds.<\/p>\n<h4>Intelig\u00eancias naturais X artificiais<\/h4>\n<p><em>Morel<\/em> n\u00e3o deixa de espreitar os imprevistos do futuro \u2013 tema tanto do ensaio perturbador de <strong>Susy Freitas<\/strong>, ilustrado por <strong>Giselle Beiguelman<\/strong> e suas m\u00e1quinas amestradas.<\/p>\n<h4>Quiz<\/h4>\n<p>A curadora da Flip, <strong>Ana Lima Cecilio<\/strong>, e os convidados <strong>Nei Lopes<\/strong>, <strong>Giovana Madalosso<\/strong>, <strong>Dahlia de la Cerda<\/strong> e <strong>Eliane Marques<\/strong> revelam os 10 livros que fizeram suas cabe\u00e7as.<\/p>\n<h4>Fotocr\u00f4nica<\/h4>\n<p>Tendo <strong>Paulo Leminski<\/strong> no papel de patrono da edi\u00e7\u00e3o, convidamos o lend\u00e1rio <strong>Juvenal Pereira<\/strong> para contar os bastidores por tr\u00e1s de uma ic\u00f4nica imagem do Samurai de Curitiba.<\/p>\n<h4>Mem\u00f3rias et\u00edlicas<\/h4>\n<p>O prosador e poeta <strong>Braulio Tavares<\/strong> revela uma parceria inusitada com Paulo Leminski: p\u00e1ginas ap\u00f3crifas do Catatau.<\/p>\n<h4><strong>Literatura e alcoolismo<\/strong><\/h4>\n<p>Em ensaio, o jovem <strong>Ian Uviedo<\/strong> aborda um tema inc\u00f4modo: como a adi\u00e7\u00e3o, tratada com romantismo irrespons\u00e1vel, derrubou um dos mais geniais escritores de sua gera\u00e7\u00e3o.<\/p>\n<h4><strong>Cem vezes Dalton e Rubem<\/strong><\/h4>\n<p>Um ensaio do editor Ronaldo Bressane sobre as diferen\u00e7as e semelhan\u00e7as entre Leminski e outro curitibano famoso, Dalton Trevisan, que faria cem anos em 2025. E um ensaio sobre centen\u00e1rio de outro contista genial, <strong>Rubem Fonseca<\/strong>, por <strong>Michel Laub<\/strong>, a refletir sobre o lugar das falas em sua extensa obra \u2013 soaria datado hoje, seria cancelado?<\/p>\n<h4>Inven\u00e7\u00f5es de Morel<\/h4>\n<p>A maestra argentina <strong>Mar\u00eda Negroni<\/strong>, tamb\u00e9m convidada desta Flip, disseca o romance A Inven\u00e7\u00e3o de Morel, de Adolfo Bioy-Casares, adaptado ao cinema por Alain Robbe-Grillet no filme <em>O Ano Passado em Marienbad<\/em>.<\/p>\n<h4>Hist\u00f3rias em quadrinhos<\/h4>\n<p>No caderno Intervalo, a divertida HQ de <strong>Mag\u00f4 Pool<\/strong> aborda os imprevistos do futuro, com a hist\u00f3ria de um sujeito que quer contratar um matador meio atrapalhado. O humor d\u00e1 ainda as caras nas tirinhas de <strong>Gabriel Pardal<\/strong>, que desmascara as falsidades do mundo liter\u00e1rio, e no resgate de uma pouco conhecida face de Leminski como roteirista de uma HQ er\u00f3tica, no tra\u00e7o do gigantesco Shimamoto.<\/p>\n<h4>Se eu fosse&#8230;<\/h4>\n<p>A fic\u00e7\u00e3o no portu\u00f1ol selbaje macarr\u00f4nico de <strong>Xico S\u00e1<\/strong> psicografa as d\u00favidas e hesita\u00e7\u00f5es do t\u00e9cnico <strong>Carlo Ancelotti<\/strong>, retratado pelo diretor de arte<strong> Eduardo Kerges<\/strong>.<\/p>\n<h4>Poesia<\/h4>\n<p>Versos jamais vistos de <strong>Alice Ruiz, Estrela Ruiz Leminski, Sofia Mariutti e Lucas van Hombeeck<\/strong>.<\/p>\n<h4>Fic\u00e7\u00e3o<\/h4>\n<p>Um conto in\u00e9dito de <strong>Lilia Guerra<\/strong>, a festejada autora de <em>Perifobia<\/em>.[\/vc_column_text][\/vc_tta_section][\/vc_tta_accordion][vc_empty_space height=&#8221;55px&#8221;][vc_column_text]<\/p>\n<hr \/>\n<h4 class=\"product_title entry-title\" style=\"text-align: center;\"><span style=\"color: #808080;\">ASSINATURA ANUAL\u00a0<\/span><\/h4>\n<h5 class=\"product_title entry-title\" style=\"text-align: center;\"><span style=\"color: #808080;\">4 edi\u00e7\u00f5es bimestrais<\/span><\/h5>\n<h2 style=\"text-align: center;\"><del>R$ 320,00<\/del> (-19%) por <span style=\"color: #ff0000;\">R$ 260,00\u00a0<\/span><\/h2>\n<hr \/>\n<p>[\/vc_column_text][vc_empty_space height=&#8221;35px&#8221;][vc_btn title=&#8221;<strong>ASSINE AGORA<\/strong>&#8221; style=&#8221;flat&#8221; color=&#8221;warning&#8221; size=&#8221;lg&#8221; align=&#8221;center&#8221; i_icon_fontawesome=&#8221;fas fa-chevron-right&#8221; css_animation=&#8221;fadeIn&#8221; add_icon=&#8221;true&#8221; link=&#8221;url:https%3A%2F%2Fipsispub.com.br%2Fmorel%2Fobras%2Frevista-morel-assinatura-anual-2022-23-a-partir-edicao-5%2F|title:Revista%20MOREL.%20(Assinatura%20anual%202022%2F23%20%E2%80%93%20a%20partir%20edi%C3%A7%C3%A3o%20%235)&#8221;][vc_empty_space height=&#8221;35px&#8221;][vc_row_inner][vc_column_inner][\/vc_column_inner][\/vc_row_inner][\/vc_column][\/vc_row][vc_row disable_element=&#8221;yes&#8221; css=&#8221;.vc_custom_1688175951394{background-color: #e0e0e0 !important;}&#8221;][vc_column][vc_empty_space height=&#8221;65px&#8221;][vc_column_text]<\/p>\n<h3 style=\"text-align: center;\"><strong>CONHE\u00c7A E COMPRE AS REVISTAS AVULSAS\u00a0<\/strong><\/h3>\n<p>[\/vc_column_text][vc_empty_space height=&#8221;35px&#8221;][vc_row_inner][vc_column_inner]<div class=\"woocommerce columns-4 \"><\/div>[\/vc_column_inner][\/vc_row_inner][\/vc_column][\/vc_row][vc_row][vc_column][vc_empty_space height=&#8221;52px&#8221;][\/vc_column][\/vc_row]<\/p>\n<\/div>","protected":false},"excerpt":{"rendered":"<p>[vc_row][vc_column][vc_row_inner][vc_column_inner][\/vc_column_inner][\/vc_row_inner][\/vc_column][\/vc_row][vc_row][vc_column][vc_row_inner][vc_column_inner][vc_empty_space height=&#8221;45px&#8221;][vc_column_text css=&#8221;&#8221;] Olha o que te espera na d\u00e9cima sexta edi\u00e7\u00e3o da Morel\u00a0 [\/vc_column_text][\/vc_column_inner][\/vc_row_inner][vc_row_inner equal_height=&#8221;yes&#8221; gap=&#8221;20&#8243;][vc_column_inner width=&#8221;1\/2&#8243;][vc_empty_space height=&#8221;45px&#8221;][vc_column_text css=&#8221;&#8221;]Capa 1 S\u00e9rgio Vaz, o Poeta da Periferia, revela as alegrias e agruras do seu ano doming\u00e1tico. [\/vc_column_text][vc_empty_space height=&#8221;45px&#8221;][\/vc_column_inner][vc_column_inner width=&#8221;1\/2&#8243;][vc_empty_space height=&#8221;45px&#8221;][vc_column_text css=&#8221;&#8221;]Capa 2 Um ensaio do fotojornalista Ant\u00f4nio Gaud\u00e9rio mostra o Lado B do Brasil. [\/vc_column_text][vc_empty_space&hellip;<\/p>\n","protected":false},"author":1,"featured_media":0,"parent":0,"menu_order":0,"comment_status":"closed","ping_status":"closed","template":"template-full-width.php","meta":{"footnotes":""},"class_list":["post-4194","page","type-page","status-publish","hentry"],"yoast_head":"<!-- This site is optimized with the Yoast SEO plugin v22.7 - https:\/\/yoast.com\/wordpress\/plugins\/seo\/ -->\n<title>A Revista Morel - Morel.<\/title>\n<meta name=\"robots\" content=\"index, follow, max-snippet:-1, max-image-preview:large, max-video-preview:-1\" \/>\n<link rel=\"canonical\" href=\"https:\/\/ipsispub.com.br\/morel\/a-revista-morel\/\" \/>\n<meta property=\"og:locale\" content=\"pt_BR\" \/>\n<meta property=\"og:type\" content=\"article\" \/>\n<meta property=\"og:title\" content=\"A Revista Morel - Morel.\" \/>\n<meta property=\"og:description\" content=\"[vc_row][vc_column][vc_row_inner][vc_column_inner][\/vc_column_inner][\/vc_row_inner][\/vc_column][\/vc_row][vc_row][vc_column][vc_row_inner][vc_column_inner][vc_empty_space height=&#8221;45px&#8221;][vc_column_text css=&#8221;&#8221;] Olha o que te espera na d\u00e9cima sexta edi\u00e7\u00e3o da Morel\u00a0 [\/vc_column_text][\/vc_column_inner][\/vc_row_inner][vc_row_inner equal_height=&#8221;yes&#8221; gap=&#8221;20&#8243;][vc_column_inner width=&#8221;1\/2&#8243;][vc_empty_space height=&#8221;45px&#8221;][vc_column_text css=&#8221;&#8221;]Capa 1 S\u00e9rgio Vaz, o Poeta da Periferia, revela as alegrias e agruras do seu ano doming\u00e1tico. [\/vc_column_text][vc_empty_space height=&#8221;45px&#8221;][\/vc_column_inner][vc_column_inner width=&#8221;1\/2&#8243;][vc_empty_space height=&#8221;45px&#8221;][vc_column_text css=&#8221;&#8221;]Capa 2 Um ensaio do fotojornalista Ant\u00f4nio Gaud\u00e9rio mostra o Lado B do Brasil. [\/vc_column_text][vc_empty_space&hellip;\" \/>\n<meta property=\"og:url\" content=\"https:\/\/ipsispub.com.br\/morel\/a-revista-morel\/\" \/>\n<meta property=\"og:site_name\" content=\"Morel.\" \/>\n<meta property=\"article:publisher\" content=\"https:\/\/www.facebook.com\/ipsispub\" \/>\n<meta property=\"article:modified_time\" content=\"2025-07-16T15:13:47+00:00\" \/>\n<meta name=\"twitter:card\" content=\"summary_large_image\" \/>\n<meta name=\"twitter:label1\" content=\"Est. tempo de leitura\" \/>\n\t<meta name=\"twitter:data1\" content=\"4 minutos\" \/>\n<script type=\"application\/ld+json\" class=\"yoast-schema-graph\">{\"@context\":\"https:\/\/schema.org\",\"@graph\":[{\"@type\":\"WebPage\",\"@id\":\"https:\/\/ipsispub.com.br\/morel\/a-revista-morel\/\",\"url\":\"https:\/\/ipsispub.com.br\/morel\/a-revista-morel\/\",\"name\":\"A Revista Morel - Morel.\",\"isPartOf\":{\"@id\":\"https:\/\/ipsispub.com.br\/morel\/#website\"},\"datePublished\":\"2022-01-29T12:45:28+00:00\",\"dateModified\":\"2025-07-16T15:13:47+00:00\",\"breadcrumb\":{\"@id\":\"https:\/\/ipsispub.com.br\/morel\/a-revista-morel\/#breadcrumb\"},\"inLanguage\":\"pt-BR\",\"potentialAction\":[{\"@type\":\"ReadAction\",\"target\":[\"https:\/\/ipsispub.com.br\/morel\/a-revista-morel\/\"]}]},{\"@type\":\"BreadcrumbList\",\"@id\":\"https:\/\/ipsispub.com.br\/morel\/a-revista-morel\/#breadcrumb\",\"itemListElement\":[{\"@type\":\"ListItem\",\"position\":1,\"name\":\"In\u00edcio\",\"item\":\"https:\/\/ipsispub.com.br\/morel\/\"},{\"@type\":\"ListItem\",\"position\":2,\"name\":\"A Revista Morel\"}]},{\"@type\":\"WebSite\",\"@id\":\"https:\/\/ipsispub.com.br\/morel\/#website\",\"url\":\"https:\/\/ipsispub.com.br\/morel\/\",\"name\":\"Morel.\",\"description\":\"Pessoas e Universos Atemporais\",\"publisher\":{\"@id\":\"https:\/\/ipsispub.com.br\/morel\/#organization\"},\"potentialAction\":[{\"@type\":\"SearchAction\",\"target\":{\"@type\":\"EntryPoint\",\"urlTemplate\":\"https:\/\/ipsispub.com.br\/morel\/?s={search_term_string}\"},\"query-input\":\"required name=search_term_string\"}],\"inLanguage\":\"pt-BR\"},{\"@type\":\"Organization\",\"@id\":\"https:\/\/ipsispub.com.br\/morel\/#organization\",\"name\":\"IpsisPUB\",\"url\":\"https:\/\/ipsispub.com.br\/morel\/\",\"logo\":{\"@type\":\"ImageObject\",\"inLanguage\":\"pt-BR\",\"@id\":\"https:\/\/ipsispub.com.br\/morel\/#\/schema\/logo\/image\/\",\"url\":\"https:\/\/i0.wp.com\/ipsispub.com.br\/wp-content\/uploads\/2021\/12\/logoIpsisPub_02.png?fit=100%2C75&ssl=1\",\"contentUrl\":\"https:\/\/i0.wp.com\/ipsispub.com.br\/wp-content\/uploads\/2021\/12\/logoIpsisPub_02.png?fit=100%2C75&ssl=1\",\"width\":100,\"height\":75,\"caption\":\"IpsisPUB\"},\"image\":{\"@id\":\"https:\/\/ipsispub.com.br\/morel\/#\/schema\/logo\/image\/\"},\"sameAs\":[\"https:\/\/www.facebook.com\/ipsispub\",\"https:\/\/www.instagram.com\/ipsispub\"]}]}<\/script>\n<!-- \/ Yoast SEO plugin. -->","yoast_head_json":{"title":"A Revista Morel - Morel.","robots":{"index":"index","follow":"follow","max-snippet":"max-snippet:-1","max-image-preview":"max-image-preview:large","max-video-preview":"max-video-preview:-1"},"canonical":"https:\/\/ipsispub.com.br\/morel\/a-revista-morel\/","og_locale":"pt_BR","og_type":"article","og_title":"A Revista Morel - Morel.","og_description":"[vc_row][vc_column][vc_row_inner][vc_column_inner][\/vc_column_inner][\/vc_row_inner][\/vc_column][\/vc_row][vc_row][vc_column][vc_row_inner][vc_column_inner][vc_empty_space height=&#8221;45px&#8221;][vc_column_text css=&#8221;&#8221;] Olha o que te espera na d\u00e9cima sexta edi\u00e7\u00e3o da Morel\u00a0 [\/vc_column_text][\/vc_column_inner][\/vc_row_inner][vc_row_inner equal_height=&#8221;yes&#8221; gap=&#8221;20&#8243;][vc_column_inner width=&#8221;1\/2&#8243;][vc_empty_space height=&#8221;45px&#8221;][vc_column_text css=&#8221;&#8221;]Capa 1 S\u00e9rgio Vaz, o Poeta da Periferia, revela as alegrias e agruras do seu ano doming\u00e1tico. [\/vc_column_text][vc_empty_space height=&#8221;45px&#8221;][\/vc_column_inner][vc_column_inner width=&#8221;1\/2&#8243;][vc_empty_space height=&#8221;45px&#8221;][vc_column_text css=&#8221;&#8221;]Capa 2 Um ensaio do fotojornalista Ant\u00f4nio Gaud\u00e9rio mostra o Lado B do Brasil. [\/vc_column_text][vc_empty_space&hellip;","og_url":"https:\/\/ipsispub.com.br\/morel\/a-revista-morel\/","og_site_name":"Morel.","article_publisher":"https:\/\/www.facebook.com\/ipsispub","article_modified_time":"2025-07-16T15:13:47+00:00","twitter_card":"summary_large_image","twitter_misc":{"Est. tempo de leitura":"4 minutos"},"schema":{"@context":"https:\/\/schema.org","@graph":[{"@type":"WebPage","@id":"https:\/\/ipsispub.com.br\/morel\/a-revista-morel\/","url":"https:\/\/ipsispub.com.br\/morel\/a-revista-morel\/","name":"A Revista Morel - Morel.","isPartOf":{"@id":"https:\/\/ipsispub.com.br\/morel\/#website"},"datePublished":"2022-01-29T12:45:28+00:00","dateModified":"2025-07-16T15:13:47+00:00","breadcrumb":{"@id":"https:\/\/ipsispub.com.br\/morel\/a-revista-morel\/#breadcrumb"},"inLanguage":"pt-BR","potentialAction":[{"@type":"ReadAction","target":["https:\/\/ipsispub.com.br\/morel\/a-revista-morel\/"]}]},{"@type":"BreadcrumbList","@id":"https:\/\/ipsispub.com.br\/morel\/a-revista-morel\/#breadcrumb","itemListElement":[{"@type":"ListItem","position":1,"name":"In\u00edcio","item":"https:\/\/ipsispub.com.br\/morel\/"},{"@type":"ListItem","position":2,"name":"A Revista Morel"}]},{"@type":"WebSite","@id":"https:\/\/ipsispub.com.br\/morel\/#website","url":"https:\/\/ipsispub.com.br\/morel\/","name":"Morel.","description":"Pessoas e Universos Atemporais","publisher":{"@id":"https:\/\/ipsispub.com.br\/morel\/#organization"},"potentialAction":[{"@type":"SearchAction","target":{"@type":"EntryPoint","urlTemplate":"https:\/\/ipsispub.com.br\/morel\/?s={search_term_string}"},"query-input":"required name=search_term_string"}],"inLanguage":"pt-BR"},{"@type":"Organization","@id":"https:\/\/ipsispub.com.br\/morel\/#organization","name":"IpsisPUB","url":"https:\/\/ipsispub.com.br\/morel\/","logo":{"@type":"ImageObject","inLanguage":"pt-BR","@id":"https:\/\/ipsispub.com.br\/morel\/#\/schema\/logo\/image\/","url":"https:\/\/i0.wp.com\/ipsispub.com.br\/wp-content\/uploads\/2021\/12\/logoIpsisPub_02.png?fit=100%2C75&ssl=1","contentUrl":"https:\/\/i0.wp.com\/ipsispub.com.br\/wp-content\/uploads\/2021\/12\/logoIpsisPub_02.png?fit=100%2C75&ssl=1","width":100,"height":75,"caption":"IpsisPUB"},"image":{"@id":"https:\/\/ipsispub.com.br\/morel\/#\/schema\/logo\/image\/"},"sameAs":["https:\/\/www.facebook.com\/ipsispub","https:\/\/www.instagram.com\/ipsispub"]}]}},"_links":{"self":[{"href":"https:\/\/ipsispub.com.br\/morel\/wp-json\/wp\/v2\/pages\/4194","targetHints":{"allow":["GET"]}}],"collection":[{"href":"https:\/\/ipsispub.com.br\/morel\/wp-json\/wp\/v2\/pages"}],"about":[{"href":"https:\/\/ipsispub.com.br\/morel\/wp-json\/wp\/v2\/types\/page"}],"author":[{"embeddable":true,"href":"https:\/\/ipsispub.com.br\/morel\/wp-json\/wp\/v2\/users\/1"}],"replies":[{"embeddable":true,"href":"https:\/\/ipsispub.com.br\/morel\/wp-json\/wp\/v2\/comments?post=4194"}],"version-history":[{"count":48,"href":"https:\/\/ipsispub.com.br\/morel\/wp-json\/wp\/v2\/pages\/4194\/revisions"}],"predecessor-version":[{"id":4982,"href":"https:\/\/ipsispub.com.br\/morel\/wp-json\/wp\/v2\/pages\/4194\/revisions\/4982"}],"wp:attachment":[{"href":"https:\/\/ipsispub.com.br\/morel\/wp-json\/wp\/v2\/media?parent=4194"}],"curies":[{"name":"wp","href":"https:\/\/api.w.org\/{rel}","templated":true}]}}