{"id":4525,"date":"2022-09-27T18:17:12","date_gmt":"2022-09-27T21:17:12","guid":{"rendered":"https:\/\/ipsispub.com.br\/morel\/?post_type=product&#038;p=4525"},"modified":"2026-04-03T12:53:44","modified_gmt":"2026-04-03T15:53:44","slug":"revista-morel-assinatura-anual-2023-24-a-partir-edicao-9","status":"publish","type":"product","link":"https:\/\/ipsispub.com.br\/morel\/obras\/revista-morel-assinatura-anual-2023-24-a-partir-edicao-9\/","title":{"rendered":"Revista MOREL  &#8211; Assinatura anual"},"content":{"rendered":"<div class=\"WncCi\" data-hook=\"info-section-description\">\n<div id=\"detailBullets_feature_div\">\n<p>Revista MOREL<\/p>\n<p><strong>Edi\u00e7\u00f5es Trimestrais, ser\u00e3o portanto 4 edi\u00e7\u00f5es\u00a0<\/strong><\/p>\n<p><strong>Morel<\/strong> \u00e9 uma revista focada em literatura, fotografia, artes visuais e algum jornalismo \u2013 n\u00e3o necessariamente nesta ordem. Em suas p\u00e1ginas, Morel aproxima as linguagens, promovendo encontros, choques e cruzamentos. Traz longos ensaios fotogr\u00e1ficos, prosas curtas, poemas narrativos, trechos de romances, di\u00e1logos entre texto e imagem, ensaios visuais e cartuns. Traz viagens, perfis, entrevistas, fic\u00e7\u00f5es; acima de tudo, \u00e9 uma revista que busca a cria\u00e7\u00e3o. O nome \u00e9 uma chave para abrir as portas da cria\u00e7\u00e3o: trata-se de uma homenagem ao protagonista do livro A Inven\u00e7\u00e3o de Morel, do argentino Adolfo Bioy Casares. Uma m\u00e1quina que registra e projeta, em tempo real, eventos e retratos de pessoas que viveram em \u00e9pocas diferentes, promovendo um enlace entre tempos: o tempo presente, o tempo passado, o tempo infinito. Por isso Morel conversa com atualidades, mas n\u00e3o se prende \u00e0s armadilhas das pautas presentes, n\u00e3o se esquece nem de mergulhar no passado nem de projetar o futuro. Por isso o lema de Morel \u00e9 Pessoas &amp; Universos Atemporais. Uma ilha no meio do tumulto do s\u00e9culo da internet \u2013 um territ\u00f3rio criado em pap\u00e9is de sonho, onde o leitor pode soltar a sua imagina\u00e7\u00e3o.<\/p>\n<\/div>\n<\/div>\n<div data-hook=\"info-section-description\">\n<p>&nbsp;<\/p>\n<\/div>\n","protected":false},"excerpt":{"rendered":"<p><strong><span style=\"vertical-align: inherit;\"><span style=\"vertical-align: inherit;\">Assinatura anual contempla<\/span><\/span><\/strong><\/p>\n<p>&nbsp;<\/p>\n<p><span style=\"color: #ff0000;\"><strong><span style=\"vertical-align: inherit;\"><span style=\"vertical-align: inherit;\">4 edi\u00e7\u00f5es Trimestrais &#8211; 104 p\u00e1ginas<\/span><\/span><\/strong><\/span><\/p>\n<div>\n<div class=\"v1gmail_default\"><b>#18 Out\/Nov\/Dez &#8211; 2025\u00a0<\/b><\/div>\n<div class=\"v1gmail_default\"><b>#19 Jan\/Fev\/Mar &#8211; 2026 <\/b>&#8211; entrega Abr\/26<\/div>\n<div class=\"v1gmail_default\"><b>#20 Abr\/Mai\/Jun &#8211; 2026 <\/b>&#8211; entrega Jul\/26<\/div>\n<div><b>#21 Jul\/Ago\/Set &#8211; 2026 <\/b>&#8211; entrega Out\/26<\/div>\n<\/div>\n<div>\n<div class=\"v1gmail_default\"><\/div>\n<\/div>\n<p><span style=\"vertical-align: inherit;\"><strong>\u00a0 \u00a0\u00a0<\/strong><\/span><\/p>\n","protected":false},"featured_media":4695,"comment_status":"open","ping_status":"closed","template":"","meta":[],"product_cat":[83],"product_tag":[116,148,149],"class_list":{"0":"post-4525","1":"product","2":"type-product","3":"status-publish","4":"has-post-thumbnail","6":"product_cat-selo-ipsispub","7":"product_tag-ipsis","8":"product_tag-morel","9":"product_tag-revista","10":"product_shipping_class-assinatura","12":"first","13":"instock","14":"sale","15":"purchasable","16":"product-type-simple","17":"col-xs-6 col-sm-4","18":"col-md-4 col-lg-4","19":"un-3-cols"},"yoast_head":"<!-- This site is optimized with the Yoast SEO plugin v22.7 - https:\/\/yoast.com\/wordpress\/plugins\/seo\/ -->\n<title>Revista MOREL - Assinatura anual - Morel.<\/title>\n<meta name=\"description\" content=\"Morel \u00e9 uma revista focada em literatura, fotografia, artes visuais e algum jornalismo \u2013 n\u00e3o necessariamente nesta ordem.\" \/>\n<meta name=\"robots\" content=\"index, follow, max-snippet:-1, max-image-preview:large, max-video-preview:-1\" \/>\n<link rel=\"canonical\" href=\"https:\/\/ipsispub.com.br\/morel\/obras\/revista-morel-assinatura-anual-2023-24-a-partir-edicao-9\/\" \/>\n<meta property=\"og:locale\" content=\"pt_BR\" \/>\n<meta property=\"og:type\" content=\"article\" \/>\n<meta property=\"og:title\" content=\"Revista MOREL - Assinatura anual - Morel.\" \/>\n<meta property=\"og:description\" content=\"Morel \u00e9 uma revista focada em literatura, fotografia, artes visuais e algum jornalismo \u2013 n\u00e3o necessariamente nesta ordem.\" \/>\n<meta property=\"og:url\" content=\"https:\/\/ipsispub.com.br\/morel\/obras\/revista-morel-assinatura-anual-2023-24-a-partir-edicao-9\/\" \/>\n<meta property=\"og:site_name\" content=\"Morel.\" \/>\n<meta property=\"article:publisher\" content=\"https:\/\/www.facebook.com\/ipsispub\" \/>\n<meta property=\"article:modified_time\" content=\"2026-04-03T15:53:44+00:00\" \/>\n<meta property=\"og:image\" content=\"https:\/\/ipsispub.com.br\/morel\/wp-content\/uploads\/2022\/11\/Assinatura-morel.jpg\" \/>\n\t<meta property=\"og:image:width\" content=\"1725\" \/>\n\t<meta property=\"og:image:height\" content=\"2560\" \/>\n\t<meta property=\"og:image:type\" content=\"image\/jpeg\" \/>\n<meta name=\"twitter:card\" content=\"summary_large_image\" \/>\n<meta name=\"twitter:label1\" content=\"Est. tempo de leitura\" \/>\n\t<meta name=\"twitter:data1\" content=\"2 minutos\" \/>\n<script type=\"application\/ld+json\" class=\"yoast-schema-graph\">{\"@context\":\"https:\/\/schema.org\",\"@graph\":[{\"@type\":\"WebPage\",\"@id\":\"https:\/\/ipsispub.com.br\/morel\/obras\/revista-morel-assinatura-anual-2023-24-a-partir-edicao-9\/\",\"url\":\"https:\/\/ipsispub.com.br\/morel\/obras\/revista-morel-assinatura-anual-2023-24-a-partir-edicao-9\/\",\"name\":\"Revista MOREL - Assinatura anual - Morel.\",\"isPartOf\":{\"@id\":\"https:\/\/ipsispub.com.br\/morel\/#website\"},\"primaryImageOfPage\":{\"@id\":\"https:\/\/ipsispub.com.br\/morel\/obras\/revista-morel-assinatura-anual-2023-24-a-partir-edicao-9\/#primaryimage\"},\"image\":{\"@id\":\"https:\/\/ipsispub.com.br\/morel\/obras\/revista-morel-assinatura-anual-2023-24-a-partir-edicao-9\/#primaryimage\"},\"thumbnailUrl\":\"https:\/\/ipsispub.com.br\/morel\/wp-content\/uploads\/2022\/11\/Assinatura-morel.jpg\",\"datePublished\":\"2022-09-27T21:17:12+00:00\",\"dateModified\":\"2026-04-03T15:53:44+00:00\",\"description\":\"Morel \u00e9 uma revista focada em literatura, fotografia, artes visuais e algum jornalismo \u2013 n\u00e3o necessariamente nesta ordem.\",\"breadcrumb\":{\"@id\":\"https:\/\/ipsispub.com.br\/morel\/obras\/revista-morel-assinatura-anual-2023-24-a-partir-edicao-9\/#breadcrumb\"},\"inLanguage\":\"pt-BR\",\"potentialAction\":[{\"@type\":\"ReadAction\",\"target\":[\"https:\/\/ipsispub.com.br\/morel\/obras\/revista-morel-assinatura-anual-2023-24-a-partir-edicao-9\/\"]}]},{\"@type\":\"ImageObject\",\"inLanguage\":\"pt-BR\",\"@id\":\"https:\/\/ipsispub.com.br\/morel\/obras\/revista-morel-assinatura-anual-2023-24-a-partir-edicao-9\/#primaryimage\",\"url\":\"https:\/\/ipsispub.com.br\/morel\/wp-content\/uploads\/2022\/11\/Assinatura-morel.jpg\",\"contentUrl\":\"https:\/\/ipsispub.com.br\/morel\/wp-content\/uploads\/2022\/11\/Assinatura-morel.jpg\",\"width\":1725,\"height\":2560,\"caption\":\"Revista MOREL. #7\"},{\"@type\":\"BreadcrumbList\",\"@id\":\"https:\/\/ipsispub.com.br\/morel\/obras\/revista-morel-assinatura-anual-2023-24-a-partir-edicao-9\/#breadcrumb\",\"itemListElement\":[{\"@type\":\"ListItem\",\"position\":1,\"name\":\"In\u00edcio\",\"item\":\"https:\/\/ipsispub.com.br\/morel\/\"},{\"@type\":\"ListItem\",\"position\":2,\"name\":\"Biblioteca\",\"item\":\"https:\/\/ipsispub.com.br\/morel\/shop-2\/\"},{\"@type\":\"ListItem\",\"position\":3,\"name\":\"Revista MOREL &#8211; Assinatura anual\"}]},{\"@type\":\"WebSite\",\"@id\":\"https:\/\/ipsispub.com.br\/morel\/#website\",\"url\":\"https:\/\/ipsispub.com.br\/morel\/\",\"name\":\"Morel.\",\"description\":\"Pessoas e Universos Atemporais\",\"publisher\":{\"@id\":\"https:\/\/ipsispub.com.br\/morel\/#organization\"},\"potentialAction\":[{\"@type\":\"SearchAction\",\"target\":{\"@type\":\"EntryPoint\",\"urlTemplate\":\"https:\/\/ipsispub.com.br\/morel\/?s={search_term_string}\"},\"query-input\":\"required name=search_term_string\"}],\"inLanguage\":\"pt-BR\"},{\"@type\":\"Organization\",\"@id\":\"https:\/\/ipsispub.com.br\/morel\/#organization\",\"name\":\"IpsisPUB\",\"url\":\"https:\/\/ipsispub.com.br\/morel\/\",\"logo\":{\"@type\":\"ImageObject\",\"inLanguage\":\"pt-BR\",\"@id\":\"https:\/\/ipsispub.com.br\/morel\/#\/schema\/logo\/image\/\",\"url\":\"https:\/\/i0.wp.com\/ipsispub.com.br\/wp-content\/uploads\/2021\/12\/logoIpsisPub_02.png?fit=100%2C75&ssl=1\",\"contentUrl\":\"https:\/\/i0.wp.com\/ipsispub.com.br\/wp-content\/uploads\/2021\/12\/logoIpsisPub_02.png?fit=100%2C75&ssl=1\",\"width\":100,\"height\":75,\"caption\":\"IpsisPUB\"},\"image\":{\"@id\":\"https:\/\/ipsispub.com.br\/morel\/#\/schema\/logo\/image\/\"},\"sameAs\":[\"https:\/\/www.facebook.com\/ipsispub\",\"https:\/\/www.instagram.com\/ipsispub\"]}]}<\/script>\n<!-- \/ Yoast SEO plugin. -->","yoast_head_json":{"title":"Revista MOREL - Assinatura anual - Morel.","description":"Morel \u00e9 uma revista focada em literatura, fotografia, artes visuais e algum jornalismo \u2013 n\u00e3o necessariamente nesta ordem.","robots":{"index":"index","follow":"follow","max-snippet":"max-snippet:-1","max-image-preview":"max-image-preview:large","max-video-preview":"max-video-preview:-1"},"canonical":"https:\/\/ipsispub.com.br\/morel\/obras\/revista-morel-assinatura-anual-2023-24-a-partir-edicao-9\/","og_locale":"pt_BR","og_type":"article","og_title":"Revista MOREL - Assinatura anual - Morel.","og_description":"Morel \u00e9 uma revista focada em literatura, fotografia, artes visuais e algum jornalismo \u2013 n\u00e3o necessariamente nesta ordem.","og_url":"https:\/\/ipsispub.com.br\/morel\/obras\/revista-morel-assinatura-anual-2023-24-a-partir-edicao-9\/","og_site_name":"Morel.","article_publisher":"https:\/\/www.facebook.com\/ipsispub","article_modified_time":"2026-04-03T15:53:44+00:00","og_image":[{"width":1725,"height":2560,"url":"https:\/\/ipsispub.com.br\/morel\/wp-content\/uploads\/2022\/11\/Assinatura-morel.jpg","type":"image\/jpeg"}],"twitter_card":"summary_large_image","twitter_misc":{"Est. tempo de leitura":"2 minutos"},"schema":{"@context":"https:\/\/schema.org","@graph":[{"@type":"WebPage","@id":"https:\/\/ipsispub.com.br\/morel\/obras\/revista-morel-assinatura-anual-2023-24-a-partir-edicao-9\/","url":"https:\/\/ipsispub.com.br\/morel\/obras\/revista-morel-assinatura-anual-2023-24-a-partir-edicao-9\/","name":"Revista MOREL - Assinatura anual - Morel.","isPartOf":{"@id":"https:\/\/ipsispub.com.br\/morel\/#website"},"primaryImageOfPage":{"@id":"https:\/\/ipsispub.com.br\/morel\/obras\/revista-morel-assinatura-anual-2023-24-a-partir-edicao-9\/#primaryimage"},"image":{"@id":"https:\/\/ipsispub.com.br\/morel\/obras\/revista-morel-assinatura-anual-2023-24-a-partir-edicao-9\/#primaryimage"},"thumbnailUrl":"https:\/\/ipsispub.com.br\/morel\/wp-content\/uploads\/2022\/11\/Assinatura-morel.jpg","datePublished":"2022-09-27T21:17:12+00:00","dateModified":"2026-04-03T15:53:44+00:00","description":"Morel \u00e9 uma revista focada em literatura, fotografia, artes visuais e algum jornalismo \u2013 n\u00e3o necessariamente nesta ordem.","breadcrumb":{"@id":"https:\/\/ipsispub.com.br\/morel\/obras\/revista-morel-assinatura-anual-2023-24-a-partir-edicao-9\/#breadcrumb"},"inLanguage":"pt-BR","potentialAction":[{"@type":"ReadAction","target":["https:\/\/ipsispub.com.br\/morel\/obras\/revista-morel-assinatura-anual-2023-24-a-partir-edicao-9\/"]}]},{"@type":"ImageObject","inLanguage":"pt-BR","@id":"https:\/\/ipsispub.com.br\/morel\/obras\/revista-morel-assinatura-anual-2023-24-a-partir-edicao-9\/#primaryimage","url":"https:\/\/ipsispub.com.br\/morel\/wp-content\/uploads\/2022\/11\/Assinatura-morel.jpg","contentUrl":"https:\/\/ipsispub.com.br\/morel\/wp-content\/uploads\/2022\/11\/Assinatura-morel.jpg","width":1725,"height":2560,"caption":"Revista MOREL. #7"},{"@type":"BreadcrumbList","@id":"https:\/\/ipsispub.com.br\/morel\/obras\/revista-morel-assinatura-anual-2023-24-a-partir-edicao-9\/#breadcrumb","itemListElement":[{"@type":"ListItem","position":1,"name":"In\u00edcio","item":"https:\/\/ipsispub.com.br\/morel\/"},{"@type":"ListItem","position":2,"name":"Biblioteca","item":"https:\/\/ipsispub.com.br\/morel\/shop-2\/"},{"@type":"ListItem","position":3,"name":"Revista MOREL &#8211; Assinatura anual"}]},{"@type":"WebSite","@id":"https:\/\/ipsispub.com.br\/morel\/#website","url":"https:\/\/ipsispub.com.br\/morel\/","name":"Morel.","description":"Pessoas e Universos Atemporais","publisher":{"@id":"https:\/\/ipsispub.com.br\/morel\/#organization"},"potentialAction":[{"@type":"SearchAction","target":{"@type":"EntryPoint","urlTemplate":"https:\/\/ipsispub.com.br\/morel\/?s={search_term_string}"},"query-input":"required name=search_term_string"}],"inLanguage":"pt-BR"},{"@type":"Organization","@id":"https:\/\/ipsispub.com.br\/morel\/#organization","name":"IpsisPUB","url":"https:\/\/ipsispub.com.br\/morel\/","logo":{"@type":"ImageObject","inLanguage":"pt-BR","@id":"https:\/\/ipsispub.com.br\/morel\/#\/schema\/logo\/image\/","url":"https:\/\/i0.wp.com\/ipsispub.com.br\/wp-content\/uploads\/2021\/12\/logoIpsisPub_02.png?fit=100%2C75&ssl=1","contentUrl":"https:\/\/i0.wp.com\/ipsispub.com.br\/wp-content\/uploads\/2021\/12\/logoIpsisPub_02.png?fit=100%2C75&ssl=1","width":100,"height":75,"caption":"IpsisPUB"},"image":{"@id":"https:\/\/ipsispub.com.br\/morel\/#\/schema\/logo\/image\/"},"sameAs":["https:\/\/www.facebook.com\/ipsispub","https:\/\/www.instagram.com\/ipsispub"]}]}},"_links":{"self":[{"href":"https:\/\/ipsispub.com.br\/morel\/wp-json\/wp\/v2\/product\/4525","targetHints":{"allow":["GET"]}}],"collection":[{"href":"https:\/\/ipsispub.com.br\/morel\/wp-json\/wp\/v2\/product"}],"about":[{"href":"https:\/\/ipsispub.com.br\/morel\/wp-json\/wp\/v2\/types\/product"}],"replies":[{"embeddable":true,"href":"https:\/\/ipsispub.com.br\/morel\/wp-json\/wp\/v2\/comments?post=4525"}],"wp:featuredmedia":[{"embeddable":true,"href":"https:\/\/ipsispub.com.br\/morel\/wp-json\/wp\/v2\/media\/4695"}],"wp:attachment":[{"href":"https:\/\/ipsispub.com.br\/morel\/wp-json\/wp\/v2\/media?parent=4525"}],"wp:term":[{"taxonomy":"product_cat","embeddable":true,"href":"https:\/\/ipsispub.com.br\/morel\/wp-json\/wp\/v2\/product_cat?post=4525"},{"taxonomy":"product_tag","embeddable":true,"href":"https:\/\/ipsispub.com.br\/morel\/wp-json\/wp\/v2\/product_tag?post=4525"}],"curies":[{"name":"wp","href":"https:\/\/api.w.org\/{rel}","templated":true}]}}